the remainder when 11617 is divided by 103.
81
What is the remainder when 5124 is divided by 6?
0
What is the remainder when 277788 is divided by 92592?
12
What is the remainder when 9492 is divided by 266?
182
Calculate the remainder when 24900 is divided by 283.
279
Calculate the remainder when 62259 is divided by 86.
81
What is the remainder when 1217636 is divided by 304408?
4
What is the remainder when 88527 is divided by 9835?
12
Calculate the remainder when 3197 is divided by 6.
5
Calculate the remainder when 1423 is divided by 664.
95
Calculate the remainder when 8070 is divided by 384.
6
What is the remainder when 2604 is divided by 260?
4
Calculate the remainder when 21381 is divided by 243.
240
Calculate the remainder when 126383 is divided by 120.
23
Calculate the remainder when 4098 is divided by 4065.
33
Calculate the remainder when 8317 is divided by 8301.
16
What is the remainder when 143714 is divided by 8453?
13
What is the remainder when 6732 is divided by 14?
12
Calculate the remainder when 180460 is divided by 719.
710
Calculate the remainder when 27706 is divided by 5432.
546
What is the remainder when 10740 is divided by 81?
48
What is the remainder when 130362 is divided by 52?
50
Calculate the remainder when 307755 is divided by 76930.
35
Calculate the remainder when 6205 is divided by 923.
667
What is the remainder when 34804 is divided by 17397?
10
Calculate the remainder when 9637 is divided by 37.
17
Calculate the remainder when 2410 is divided by 1729.
681
What is the remainder when 3186 is divided by 24?
18
What is the remainder when 556737 is divided by 494?
493
Calculate the remainder when 34163 is divided by 282.
41
Calculate the remainder when 13493 is divided by 100.
93
Calculate the remainder when 16085 is divided by 846.
11
Calculate the remainder when 10922 is divided by 1574.
1478
What is the remainder when 1382 is divided by 207?
140
What is the remainder when 59761 is divided by 11947?
26
What is the remainder when 713471 is divided by 96?
95
What is the remainder when 29551 is divided by 591?
1
Calculate the remainder when 46221 is divided by 121.
120
What is the remainder when 31325 is divided by 1260?
1085
What is the remainder when 10433 is divided by 141?
140
What is the remainder when 1913 is divided by 82?
27
Calculate the remainder when 16209 is divided by 268.
129
Calculate the remainder when 887 is divided by 376.
135
What is the remainder when 35243 is divided by 4402?
27
What is the remainder when 7761 is divided by 3?
0
Calculate the remainder when 38377 is divided by 4794.
25
What is the remainder when 8284 is divided by 58?
48
Calculate the remainder when 14761 is divided by 2789.
816
What is the remainder when 989 is divided by 449?
91
What is the remainder when 28118 is divided by 1037?
119
Calculate the remainder when 95333 is divided by 34.
31
Calculate the remainder when 10428 is divided by 473.
22
Calculate the remainder when 53780 is divided by 3.
2
What is the remainder when 10054 is divided by 107?
103
What is the remainder when 542822 is divided by 647?
636
Calculate the remainder when 359395 is divided by 601.
598
Calculate the remainder when 65856 is divided by 1605.
51
What is the remainder when 60668 is divided by 17?
12
Calculate the remainder when 94430 is divided by 8.
6
What is the remainder when 836408 is divided by 150?
8
What is the remainder when 184478 is divided by 191?
163
Calculate the remainder when 7531 is divided by 2331.
538
Calculate the remainder when 38554 is divided by 54.
52
Calculate the remainder when 450977 is divided by 22.
21
What is the remainder when 128905 is divided by 9?
7
Calculate the remainder when 560258 is divided by 10.
8
What is the remainder when 117311 is divided by 564?
563
What is the remainder when 6138 is divided by 92?
66
Calculate the remainder when 16575 is divided by 54.
51
What is the remainder when 6823 is divided by 2215?
178
What is the remainder when 8693 is divided by 479?
71
Calculate the remainder when 20971 is divided by 318.
301
Calculate the remainder when 2325 is divided by 129.
3
What is the remainder when 2411 is divided by 434?
241
What is the remainder when 135630 is divided by 45202?
24
What is the remainder when 253421 is divided by 434?
399
What is the remainder when 1050 is divided by 65?
10
What is the remainder when 7819 is divided by 2603?
10
What is the remainder when 36866 is divided by 635?
36
What is the remainder when 23931 is divided by 11965?
1
Calculate the remainder when 200577 is divided by 30.
27
Calculate the remainder when 105584 is divided by 28.
24
What is the remainder when 64278 is divided by 164?
154
What is the remainder when 5409727 is divided by 1559?
1556
What is the remainder when 35095 is divided by 41?
40
Calculate the remainder when 15116 is divided by 7466.
184
Calculate the remainder when 70217 is divided by 145.
37
Calculate the remainder when 8046 is divided by 122.
116
What is the remainder when 280639 is divided by 417?
415
Calculate the remainder when 43341 is divided by 17.
8
What is the remainder when 2086 is divided by 519?
10
What is the remainder when 10351 is divided by 2070?
1
What is the remainder when 46076 is divided by 53?
19
Calculate the remainder when 43887 is divided by 21938.
11
Calculate the remainder when 24557 is divided by 8182.
11
Calculate the remainder when 14981 is divided by 213.
71
What is the remainder when 84600 is divided by 69?
6
What is the remainder when 57964 is divided by 13?
10
What is the remainder when 1294 is divided by 214?
10
Calculate the remainder when 423012 is divided by 44.
40
What is the remainder when 213653 is divided by 298?
285
What is the remainder when 21276 is divided by 280?
276
Calculate the remainder when 2174183 is divided by 822.
815
What is the remainder when 4098 is divided by 424?
282
Calculate the remainder when 8085 is divided by 1160.
1125
Calculate the remainder when 12713 is divided by 812.
533
Calculate the remainder when 17 is divided by 12.
5
What is the remainder when 18364 is divided by 351?
112
What is the remainder when 73355 is divided by 36?
23
What is the remainder when 2352794 is divided by 1491?
1487
Calculate the remainder when 77175 is divided by 57.
54
What is the remainder when 352 is divided by 4?
0
What is the remainder when 7455 is divided by 702?
435
What is the remainder when 291566 is divided by 97?
81
Calculate the remainder when 778 is divided by 462.
316
What is the remainder when 3247 is divided by 1069?
40
Calculate the remainder when 16299 is divided by 4074.
3
What is the remainder when 34229 is divided by 957?
734
What is the remainder when 119164 is divided by 59581?
2
Calculate the remainder when 439987 is divided by 1673.
1661
What is the remainder when 173266 is divided by 163?
160
Calculate the remainder when 18980 is divided by 171.
170
What is the remainder when 16091 is divided by 351?
296
Calculate the remainder when 8024 is divided by 2075.
1799
Calculate the remainder when 1479 is divided by 739.
1
What is the remainder when 15747 is divided by 18?
15
What is the remainder when 104409 is divided by 106?
105
What is the remainder when 149684 is divided by 198?
194
What is the remainder when 2767 is divided by 1730?
1037
Calculate the remainder when 40649 is divided by 25.
24
Calculate the remainder when 85982 is divided by 14311.
116
Calculate the remainder when 9384 is divided by 261.
249
What is the remainder when 10775 is divided by 337?
328
Calculate the remainder when 2063119 is divided by 629.
628
Calculate the remainder when 30984 is divided by 5159.
30
What is the remainder when 166955 is divided by 11?
8
What is the remainder when 9575 is divided by 502?
37
Calculate the remainder when 2351 is divided by 974.
403
What is the remainder when 42077 is divided by 185?
82
Calculate the remainder when 113101 is divided by 49.
9
What is the remainder when 203086 is divided by 100?
86
What is the remainder when 17901 is divided by 36?
9
What is the remainder when 9624 is divided by 938?
244
Calculate the remainder when 325664 is divided by 14.
10
What is the remainder when 22320 is divided by 22?
12
Calculate the remainder when 104392 is divided by 17398.
4
Calc